{"id":2,"date":"2025-03-18T10:16:46","date_gmt":"2025-03-18T10:16:46","guid":{"rendered":"https:\/\/aerosport.fr\/?page_id=2"},"modified":"2025-07-29T17:47:58","modified_gmt":"2025-07-29T17:47:58","slug":"sample-page","status":"publish","type":"page","link":"https:\/\/aerosport.fr\/","title":{"rendered":"Accueil"},"content":{"rendered":"<div class=\"wp-block-image\">\n<figure class=\"aligncenter size-full\"><img loading=\"lazy\" decoding=\"async\" width=\"1022\" height=\"493\" src=\"https:\/\/aerosport.fr\/wp-content\/uploads\/2025\/03\/PulpetPINI.jpeg\" alt=\"\" class=\"wp-image-104\" srcset=\"https:\/\/aerosport.fr\/wp-content\/uploads\/2025\/03\/PulpetPINI.jpeg 1022w, https:\/\/aerosport.fr\/wp-content\/uploads\/2025\/03\/PulpetPINI-300x145.jpeg 300w, https:\/\/aerosport.fr\/wp-content\/uploads\/2025\/03\/PulpetPINI-768x370.jpeg 768w, https:\/\/aerosport.fr\/wp-content\/uploads\/2025\/03\/PulpetPINI-600x289.jpeg 600w\" sizes=\"auto, (max-width: 1022px) 100vw, 1022px\" \/><\/figure>\n<\/div>\n\n<div class=\"wp-block-image\">\n<figure class=\"aligncenter size-full\"><img loading=\"lazy\" decoding=\"async\" width=\"588\" height=\"186\" src=\"https:\/\/aerosport.fr\/wp-content\/uploads\/2025\/07\/resa1.png\" alt=\"\" class=\"wp-image-202\" srcset=\"https:\/\/aerosport.fr\/wp-content\/uploads\/2025\/07\/resa1.png 588w, https:\/\/aerosport.fr\/wp-content\/uploads\/2025\/07\/resa1-300x95.png 300w\" sizes=\"auto, (max-width: 588px) 100vw, 588px\" \/><\/figure>\n<\/div>\n\n<div class=\"wp-block-image\">\n<figure class=\"aligncenter size-full is-resized\"><a href=\"https:\/\/www.resaero.com\/aerosport\/cgi-bin\/resaero\" target=\"_blank\" rel=\" noreferrer noopener\"><img loading=\"lazy\" decoding=\"async\" width=\"80\" height=\"80\" src=\"https:\/\/aerosport.fr\/wp-content\/uploads\/2025\/05\/logoresa.png\" alt=\"\" class=\"wp-image-176\" style=\"width:130px;height:auto\"\/><\/a><\/figure>\n<\/div>\n\n\n<p><strong>Le Plaisir du Vol en Montagne avec A\u00e9rosport 2.0<\/strong><\/p>\n\n\n\n<blockquote class=\"wp-block-quote is-layout-flow wp-block-quote-is-layout-flow\">\n<p>D\u00e8s le d\u00e9collage, le c\u0153ur palpite d&rsquo;excitation. Les paysages se d\u00e9voilent sous nos yeux, et chaque virage offre une nouvelle perspective sur la beaut\u00e9 naturelle qui nous entoure. Les montagnes, avec leurs cr\u00eates ac\u00e9r\u00e9es et leurs lacs scintillants, semblent nous appeler \u00e0 explorer leurs secrets. C&rsquo;est un v\u00e9ritable spectacle que nous partageons avec nos camarades pilotes, tous anim\u00e9s par la m\u00eame passion pour l&rsquo;aviation et la nature.<\/p>\n<\/blockquote>\n\n\n\n<p>&#8230;or something like this:<\/p>\n\n\n\n<blockquote class=\"wp-block-quote is-layout-flow wp-block-quote-is-layout-flow\">\n<p>Le vol en montagne n&rsquo;est pas seulement une question de technique ; c&rsquo;est aussi une aventure humaine. Les rires \u00e9chang\u00e9s, les histoires partag\u00e9es et les d\u00e9fis relev\u00e9s ensemble renforcent nos liens. Chaque vol devient une occasion de c\u00e9l\u00e9brer notre passion commune et de cr\u00e9er des souvenirs inoubliables.<\/p>\n<\/blockquote>\n","protected":false},"excerpt":{"rendered":"<p>Le Plaisir du Vol en Montagne avec A\u00e9rosport 2.0 D\u00e8s le d\u00e9collage, le c\u0153ur palpite d&rsquo;excitation. Les paysages se d\u00e9voilent sous nos yeux, et chaque virage offre une nouvelle perspective sur la beaut\u00e9 naturelle qui nous entoure. Les montagnes, avec leurs cr\u00eates ac\u00e9r\u00e9es et leurs lacs scintillants, semblent nous appeler \u00e0 explorer leurs secrets. C&rsquo;est&#8230;<\/p>\n","protected":false},"author":1,"featured_media":0,"parent":0,"menu_order":0,"comment_status":"closed","ping_status":"open","template":"","meta":{"_kadence_starter_templates_imported_post":false,"_kad_post_transparent":"","_kad_post_title":"","_kad_post_layout":"","_kad_post_sidebar_id":"","_kad_post_content_style":"","_kad_post_vertical_padding":"","_kad_post_feature":"","_kad_post_feature_position":"","_kad_post_header":false,"_kad_post_footer":false,"footnotes":""},"class_list":["post-2","page","type-page","status-publish","hentry"],"_links":{"self":[{"href":"https:\/\/aerosport.fr\/index.php?rest_route=\/wp\/v2\/pages\/2","targetHints":{"allow":["GET"]}}],"collection":[{"href":"https:\/\/aerosport.fr\/index.php?rest_route=\/wp\/v2\/pages"}],"about":[{"href":"https:\/\/aerosport.fr\/index.php?rest_route=\/wp\/v2\/types\/page"}],"author":[{"embeddable":true,"href":"https:\/\/aerosport.fr\/index.php?rest_route=\/wp\/v2\/users\/1"}],"replies":[{"embeddable":true,"href":"https:\/\/aerosport.fr\/index.php?rest_route=%2Fwp%2Fv2%2Fcomments&post=2"}],"version-history":[{"count":18,"href":"https:\/\/aerosport.fr\/index.php?rest_route=\/wp\/v2\/pages\/2\/revisions"}],"predecessor-version":[{"id":204,"href":"https:\/\/aerosport.fr\/index.php?rest_route=\/wp\/v2\/pages\/2\/revisions\/204"}],"wp:attachment":[{"href":"https:\/\/aerosport.fr\/index.php?rest_route=%2Fwp%2Fv2%2Fmedia&parent=2"}],"curies":[{"name":"wp","href":"https:\/\/api.w.org\/{rel}","templated":true}]}}