{"id":146,"date":"2025-05-06T12:18:22","date_gmt":"2025-05-06T12:18:22","guid":{"rendered":"https:\/\/aerosport.fr\/?post_type=product&#038;p=146"},"modified":"2025-05-06T17:25:58","modified_gmt":"2025-05-06T17:25:58","slug":"veste-polaire","status":"publish","type":"product","link":"https:\/\/aerosport.fr\/?product=veste-polaire","title":{"rendered":"Veste Classique \u00ab\u00a0Softshell\u00a0\u00bb"},"content":{"rendered":"","protected":false},"excerpt":{"rendered":"<div class=\"woocommerce-product-details__short-description\">\n<div>\n<div>Caract\u00e9ristiques:<\/div>\n<div>\n<div id=\"m_3563263835803882055gmail-c_colbox_seodescription\">\n<div id=\"m_3563263835803882055gmail-colbox_seodescription\" aria-expanded=\"true\">\n<ul>\n<li>320 g\/m\u00b2<\/li>\n<li>Couche ext: 93% polyester recycl\u00e9, 7% \u00e9lasthanne couche interm\u00e9diaire: membrane respirante (1.000 g\/m\u00b2 en 24h), r\u00e9siste au vent et waterproof<\/li>\n<li>Couche int: 100% polyester recycl\u00e9 (polaire microfibre) imperm\u00e9able et respirant (8.000 mm)<\/li>\n<li>Fermeture \u00e0 glissi\u00e8re YKK sur toute la longueur<\/li>\n<li>Diverses poches<\/li>\n<li>Ourlet inf\u00e9rieur avec cordon de serrage r\u00e9glable \u00e0 la taille Panneau arri\u00e8re plus long<\/li>\n<\/ul>\n<p>Marquage:<br \/>\nAvec \u00e9cusson brod\u00e9<\/p>\n<\/div>\n<\/div>\n<\/div>\n<\/div>\n<\/div>\n","protected":false},"featured_media":154,"template":"","meta":{"_kadence_starter_templates_imported_post":false,"_kad_post_transparent":"default","_kad_post_title":"","_kad_post_layout":"default","_kad_post_sidebar_id":"","_kad_post_content_style":"default","_kad_post_vertical_padding":"default","_kad_post_feature":"","_kad_post_feature_position":"","_kad_post_header":false,"_kad_post_footer":false},"product_brand":[],"product_cat":[27],"product_tag":[],"class_list":{"0":"post-146","1":"product","2":"type-product","3":"status-publish","4":"has-post-thumbnail","6":"product_cat-goodies","8":"first","9":"instock","10":"taxable","11":"shipping-taxable","12":"purchasable","13":"product-type-variable","14":"entry","15":"content-bg","16":"loop-entry"},"_links":{"self":[{"href":"https:\/\/aerosport.fr\/index.php?rest_route=\/wp\/v2\/product\/146","targetHints":{"allow":["GET"]}}],"collection":[{"href":"https:\/\/aerosport.fr\/index.php?rest_route=\/wp\/v2\/product"}],"about":[{"href":"https:\/\/aerosport.fr\/index.php?rest_route=\/wp\/v2\/types\/product"}],"wp:featuredmedia":[{"embeddable":true,"href":"https:\/\/aerosport.fr\/index.php?rest_route=\/wp\/v2\/media\/154"}],"wp:attachment":[{"href":"https:\/\/aerosport.fr\/index.php?rest_route=%2Fwp%2Fv2%2Fmedia&parent=146"}],"wp:term":[{"taxonomy":"product_brand","embeddable":true,"href":"https:\/\/aerosport.fr\/index.php?rest_route=%2Fwp%2Fv2%2Fproduct_brand&post=146"},{"taxonomy":"product_cat","embeddable":true,"href":"https:\/\/aerosport.fr\/index.php?rest_route=%2Fwp%2Fv2%2Fproduct_cat&post=146"},{"taxonomy":"product_tag","embeddable":true,"href":"https:\/\/aerosport.fr\/index.php?rest_route=%2Fwp%2Fv2%2Fproduct_tag&post=146"}],"curies":[{"name":"wp","href":"https:\/\/api.w.org\/{rel}","templated":true}]}}